alculate the remainder when 285638 is divided by 370.
368
Calculate the remainder when 35667 is divided by 8912.
19
What is the remainder when 569390 is divided by 189787?
29
What is the remainder when 8133 is divided by 339?
336
What is the remainder when 46016 is divided by 45944?
72
What is the remainder when 47577 is divided by 881?
3
Calculate the remainder when 33823 is divided by 5627.
61
Calculate the remainder when 682902 is divided by 401.
400
What is the remainder when 528 is divided by 78?
60
Calculate the remainder when 8697 is divided by 130.
117
What is the remainder when 334 is divided by 256?
78
Calculate the remainder when 86157 is divided by 3446.
7
Calculate the remainder when 11469 is divided by 74.
73
Calculate the remainder when 1787289 is divided by 67.
64
What is the remainder when 11084 is divided by 118?
110
Calculate the remainder when 68893 is divided by 98.
97
Calculate the remainder when 1887 is divided by 382.
359
Calculate the remainder when 414490 is divided by 15.
10
Calculate the remainder when 106427 is divided by 1364.
35
Calculate the remainder when 266054 is divided by 4157.
6
Calculate the remainder when 24143 is divided by 609.
392
Calculate the remainder when 718209 is divided by 675.
9
What is the remainder when 4054 is divided by 658?
106
Calculate the remainder when 1438 is divided by 1411.
27
What is the remainder when 17545 is divided by 109?
105
Calculate the remainder when 11778 is divided by 487.
90
Calculate the remainder when 5612 is divided by 27.
23
Calculate the remainder when 111903 is divided by 104.
103
What is the remainder when 5162 is divided by 1082?
834
Calculate the remainder when 29257 is divided by 32.
9
Calculate the remainder when 2378 is divided by 733.
179
Calculate the remainder when 454107 is divided by 580.
547
What is the remainder when 7780 is divided by 44?
36
Calculate the remainder when 20165 is divided by 2607.
1916
What is the remainder when 27871 is divided by 1638?
25
Calculate the remainder when 83180 is divided by 27717.
29
What is the remainder when 1836 is divided by 141?
3
What is the remainder when 27732 is divided by 69?
63
What is the remainder when 10511520 is divided by 33?
30
What is the remainder when 1018095 is divided by 101808?
15
Calculate the remainder when 1278 is divided by 412.
42
Calculate the remainder when 787738 is divided by 657.
652
What is the remainder when 11652 is divided by 551?
81
What is the remainder when 1986 is divided by 688?
610
Calculate the remainder when 60430 is divided by 636.
10
Calculate the remainder when 18468 is divided by 80.
68
Calculate the remainder when 3848 is divided by 240.
8
What is the remainder when 142256 is divided by 34?
0
What is the remainder when 598288 is divided by 33237?
22
What is the remainder when 224535 is divided by 74834?
33
What is the remainder when 14757 is divided by 107?
98
Calculate the remainder when 941 is divided by 182.
31
Calculate the remainder when 1129236 is divided by 740.
736
What is the remainder when 2084 is divided by 2021?
63
What is the remainder when 65435 is divided by 71?
44
What is the remainder when 4135 is divided by 148?
139
What is the remainder when 6776 is divided by 23?
14
Calculate the remainder when 74709 is divided by 2873.
11
Calculate the remainder when 9250 is divided by 580.
550
What is the remainder when 3750 is divided by 1218?
96
Calculate the remainder when 239340 is divided by 323.
320
What is the remainder when 6270 is divided by 3123?
24
Calculate the remainder when 2355 is divided by 2243.
112
Calculate the remainder when 8154 is divided by 1181.
1068
Calculate the remainder when 174372 is divided by 125.
122
Calculate the remainder when 8213 is divided by 445.
203
What is the remainder when 7539 is divided by 939?
27
Calculate the remainder when 45582 is divided by 9115.
7
Calculate the remainder when 5066 is divided by 4999.
67
Calculate the remainder when 4201 is divided by 1051.
1048
Calculate the remainder when 408771 is divided by 28.
27
Calculate the remainder when 80312 is divided by 50.
12
What is the remainder when 3204 is divided by 2194?
1010
What is the remainder when 15541 is divided by 181?
156
Calculate the remainder when 87077 is divided by 56.
53
Calculate the remainder when 120385 is divided by 171.
1
What is the remainder when 10038 is divided by 2459?
202
Calculate the remainder when 181 is divided by 100.
81
What is the remainder when 3690487 is divided by 206?
203
Calculate the remainder when 913121 is divided by 29.
27
What is the remainder when 47459 is divided by 15?
14
Calculate the remainder when 73538 is divided by 238.
234
Calculate the remainder when 50014 is divided by 5.
4
What is the remainder when 57329 is divided by 218?
213
Calculate the remainder when 3493 is divided by 147.
112
Calculate the remainder when 8627 is divided by 1044.
275
What is the remainder when 49442 is divided by 110?
52
What is the remainder when 8514 is divided by 1130?
604
Calculate the remainder when 319102 is divided by 18.
16
Calculate the remainder when 8612 is divided by 350.
212
What is the remainder when 8396 is divided by 4197?
2
Calculate the remainder when 1704750 is divided by 32.
14
Calculate the remainder when 212399 is divided by 7.
5
What is the remainder when 330027 is divided by 193?
190
What is the remainder when 74488 is divided by 83?
37
What is the remainder when 2012 is divided by 98?
52
What is the remainder when 10047 is divided by 214?
203
Calculate the remainder when 26291 is divided by 13108.
75
Calculate the remainder when 1850 is divided by 127.
72
Calculate the remainder when 18876 is divided by 495.
66
What is the remainder when 1427125 is divided by 164?
161
What is the remainder when 32749 is divided by 23?
20
Calculate the remainder when 19661 is divided by 115.
111
Calculate the remainder when 249871 is divided by 99.
94
Calculate the remainder when 2422 is divided by 239.
32
What is the remainder when 846 is divided by 218?
192
Calculate the remainder when 4572 is divided by 60.
12
What is the remainder when 4232 is divided by 20?
12
What is the remainder when 202406 is divided by 234?
230
Calculate the remainder when 11093 is divided by 2766.
29
Calculate the remainder when 20553 is divided by 257.
250
Calculate the remainder when 7202 is divided by 451.
437
Calculate the remainder when 9986 is divided by 1987.
51
Calculate the remainder when 42317 is divided by 8462.
7
What is the remainder when 114577 is divided by 261?
259
Calculate the remainder when 1982 is divided by 23.
4
What is the remainder when 655 is divided by 641?
14
Calculate the remainder when 28939 is divided by 7226.
35
What is the remainder when 4054 is divided by 407?
391
Calculate the remainder when 147637 is divided by 252.
217
Calculate the remainder when 10731 is divided by 3572.
15
Calculate the remainder when 2856 is divided by 454.
132
Calculate the remainder when 4022 is divided by 1293.
143
What is the remainder when 291985 is divided by 67?
66
Calculate the remainder when 856917 is divided by 36.
9
Calculate the remainder when 6898 is divided by 2520.
1858
Calculate the remainder when 23365 is divided by 231.
34
Calculate the remainder when 21853 is divided by 2731.
5
What is the remainder when 799 is divided by 287?
225
Calculate the remainder when 19920 is divided by 39.
30
What is the remainder when 61212 is divided by 15285?
72
Calculate the remainder when 60824 is divided by 231.
71
Calculate the remainder when 1621675 is divided by 28.
27
Calculate the remainder when 25302 is divided by 6306.
78
What is the remainder when 28054 is divided by 1305?
649
Calculate the remainder when 300825 is divided by 129.
126
Calculate the remainder when 7110 is divided by 736.
486
Calculate the remainder when 694 is divided by 166.
30
What is the remainder when 283446 is divided by 8?
6
What is the remainder when 2047105 is divided by 14?
11
What is the remainder when 190364 is divided by 1029?
1028
What is the remainder when 14116 is divided by 6374?
1368
What is the remainder when 3418 is divided by 12?
10
What is the remainder when 18027 is divided by 5360?
1947
What is the remainder when 291121 is divided by 7?
5
Calcul